 What is the tens digit of x?
7
Suppose j + n - 633 = 0, -2*j + 3*n = 7*n - 1276. What is the units digit of j?
8
Let u = 1193 - 846. What is the units digit of u?
7
Let l = -79 + 1023. What is the hundreds digit of l?
9
Suppose 60 + 62 = s. Let j = s - -127. What is the units digit of j?
9
Suppose 5*z - 26 = -1. Let o(c) = -8 + 1 + 0 + c**2 + 0*c**2. What is the tens digit of o(z)?
1
Suppose 4*l + 40 = 4*f + 156, 5*l - 3*f = 153. Suppose -h + l + 23 = 0. What is the units digit of h?
6
Suppose a = -h, 5 = 2*h + 5*a - 1. Let z be (-2 + 2)/(h - -4). Suppose -c - u + 1 + 8 = z, -4*c + 2*u = -66. What is the units digit of c?
4
Let r(f) = f**2 + 28*f + 71. What is the thousands digit of r(34)?
2
Let b be -33 + (-4)/4 - -2. Let t = b - -164. Suppose -g - t = -4*g. What is the units digit of g?
4
Let t(f) = f**3 - f + 17. Let c be 3 - 51/15 - 2/(-5). What is the units digit of t(c)?
7
What is the units digit of (2 - -365) + -5 + -2?
0
Let l be (-2)/(-33)*-3 + 2448/33. Suppose -v + l = -66. What is the tens digit of v?
4
Suppose 6*r - 32 = 2*r. Suppose 0 = -5*n - 2*q + 6, r*q + 8 = n + 5*q. What is the tens digit of n/8 - (-117)/12?
1
Suppose -2*s = -547 - 143. Suppose 2*y - 5*y = -s. Suppose -h + y = 4*h. What is the tens digit of h?
2
Suppose 24 = -3*n + 4*n. Suppose -s + 8 = -n. Suppose 0 = -3*x + s + 88. What is the units digit of x?
0
What is the units digit of 38/(-57) + 8844/9?
2
Suppose -15 = -18*m + 15*m. Suppose -4*i = i - 20, -423 = -m*k - 2*i. What is the tens digit of k?
8
Suppose 342*p + 12882 = 361*p. What is the units digit of p?
8
Let p(g) = -31*g - 37. Let d(k) = 78*k + 92. Let v(b) = -5*d(b) - 12*p(b). Let t be v(-10). Suppose -7*j + 3*j = -t. What is the units digit of j?
1
Let i(r) be the first derivative of -r**3/3 - 3*r**2 + 8*r + 1. Let y = 1361 - 1368. What is the units digit of i(y)?
1
Let k = -17 + 593. What is the hundreds digit of k?
5
Suppose 4*f - 5*d - 21 - 135 = 0, -3*f = 2*d - 94. What is the units digit of f?
4
Let n be (8 + -2)*5/3. Suppose 30 + n = 2*k. Suppose 6 = q - k. What is the tens digit of q?
2
Suppose 0 = -7*j + j + 1764. Suppose -12*q - j = -13*q. What is the hundreds digit of q?
2
Suppose 2*j + 95 = 3*j. Suppose -2*n + 3*b + 2*b = -j, 3*n - 162 = b. What is the tens digit of n?
5
Let h(p) = -21*p + 87. Let b be h(4). Let q be 130*2*(-2)/(-10). Suppose 5*n = q + b. What is the units digit of n?
1
Let a(j) be the third derivative of -5*j**4/24 - 5*j**3/6 + 7*j**2. What is the tens digit of a(-12)?
5
Let v be (-12)/5*20/6. Let n be v/(-36) + 988/9. Suppose -5*u + n = 3*d, 5*u + 7*d - 2*d - 100 = 0. What is the units digit of u?
5
Suppose 3 + 2 = u. Let b be -3 - (-126 - ((-2 - -5) + -2)). Suppose -u*z + b = -z. What is the tens digit of z?
3
Suppose 5*k - 5 - 12 = -4*z, -4*z - 3 = k. What is the units digit of k*8 + 4 - -4?
8
Let g = 16 + -13. Let f(u) = 4*u**2 - 3*u - 1. Let n be f(g). Let x = n + -15. What is the units digit of x?
1
Suppose 5*y + 2*a - 176 - 324 = 0, -3*y - 4*a = -300. What is the units digit of y?
0
Let u(m) = -m**3 + 3*m**2 + 5*m. Let l be u(4). Let k(y) = l + y + y - 8. What is the units digit of k(3)?
2
Let c(s) = -2*s - 4. Suppose 4*p + 4*n + 12 = 0, -4*p - 3*n = -1 + 15. Let v be c(p). Suppose -v*u + 148 = -2. What is the tens digit of u?
2
Let z = -508 - -588. Let g = 6 - 4. Suppose 5*w = -4*b + z, g*b - 8 = w - 2*b. What is the tens digit of w?
1
Let q(t) = -t**3 - 6*t**2 - t + 5. Let r be q(-7). Suppose 7 = -3*s + r. What is the units digit of s + (0/(-1) - -3)?
1
Let b(o) = 22*o + 1. Let j be b(7). Suppose 7*i = 2*i + j. Suppose 5*n + 2*y = i, 15 = 5*n - 2*n + 3*y. What is the units digit of n?
7
Let w = -215 + 134. Let s = 30 - w. Suppose -o - s = -4*o. What is the units digit of o?
7
Suppose 2*a + 5*a = 2443. What is the tens digit of a?
4
Let u(p) = 5 + 814*p - 1624*p + 816*p. Let k = -1 + 5. What is the units digit of u(k)?
9
Let h be 0/(((-3)/9)/((-2)/(-6))). Suppose -x + 155 = -2*w, 3*x - 3*w + 2*w - 455 = h. What is the tens digit of x?
5
Suppose -4*f + 2 = -5*n - 8, -2*n + 9 = f. Suppose 4*l - 56 = -4*q + 7*l, -f*l = -q + 14. Suppose q + 0 = j. What is the tens digit of j?
1
Let l = -167 - -161. Let r(i) = i**2 + 4*i + 2. Let h be r(-3). What is the units digit of 16 + l + (h - 2)?
7
Let m(f) = f**3 + 3*f**2 + f + 57. Let g(a) = -a**3 - 7*a**2 + 9*a + 8. Let w be g(-8). What is the units digit of m(w)?
7
What is the hundreds digit of (4542/4)/(9*2/12)?
7
Suppose -29*l = -16*l - 8983. What is the units digit of l?
1
Let y be 24/4 + -1 - 3. Suppose -y*i = -4*i + 24. What is the units digit of i?
2
What is the hundreds digit of (2 - 791)*8/(-4) + -4?
5
Suppose -2*t - 70 = -7*t. Let b(h) = 3*h**2 + 1. Let p(l) = 4*l**2 - 15*l + 11. Let u(m) = b(m) - p(m). What is the units digit of u(t)?
4
Suppose -x = 3*x + 24. Let l = x - -8. Suppose b = l*b - 5. What is the units digit of b?
5
Let d be (39/6)/((-3)/(-6)). Suppose d = -4*y + 89. What is the tens digit of y?
1
Let p(d) = d**2 + 26*d - 55. Let u be p(-28). Suppose -33 = 4*n - 185. What is the units digit of u*(n - 4 - -4)?
8
Suppose -5*u = -u - 280. Suppose -u = -o - 2*p + 7*p, 0 = -2*o + 2*p + 140. What is the tens digit of o?
7
Let g be 14/35 + (-24)/(-15). Let d(q) = 31*q**3 - 2*q**2 + 4*q - 3. What is the hundreds digit of d(g)?
2
Let f = 33 - 21. Let y = 15 - f. Suppose -y*t - 2 = -4*p, -4*t - 6*p = -3*p - 39. What is the units digit of t?
6
Let t = 535 - 419. What is the units digit of t?
6
Suppose 4*x = -5*d + 22, 5*x = 3*d - 2*d + 13. Suppose 0 = -j + 5*s + 116 + 120, x*j + s = 708. What is the hundreds digit of j?
2
Suppose 2*k - 10 = -3*k. Suppose 4*j + 3 = 7*j, -k*j = 5*n - 97. What is the tens digit of n/(-4)*(-4)/1?
1
Let i(r) = -22*r + 7. Suppose 6*q + 6 = -18. What is the units digit of i(q)?
5
What is the units digit of 3900/8 - 3/6?
7
Suppose 49 = 5*y + 14. Suppose -d = -4*d + 5*f - y, 5*d + 22 = -2*f. What is the units digit of (-53)/d*(-2 + 6)?
3
Let o be (-13 - (-224)/24) + 2/3. Let z(v) = -11*v - 4. Let p(j) = -22*j - 7. Let a(t) = -6*p(t) + 13*z(t). What is the units digit of a(o)?
3
Let n be (-3)/(-6) - (-1)/2. Let h(a) = 8*a - 3. Let c be h(n). Suppose c*p = 2*w - 109, -2*w + 174 = w + 3*p. What is the units digit of w?
7
Suppose -1697 + 4478 = 3*p. What is the hundreds digit of p?
9
Suppose -3*w = -168 + 159. Suppose -3*q + w*l + 339 = 0, 5*q + 2*l = 181 + 419. What is the tens digit of q?
1
Let h(x) be the third derivative of 11*x**5/120 + x**4/3 + 11*x**3/6 + 11*x**2. Let j(a) be the first derivative of h(a). What is the units digit of j(6)?
4
Let v be (-4)/10 + 1186/(-10). Let b be (3 - 2) + -3 - v. Suppose b = 5*u - 93. What is the units digit of u?
2
Let g be (57/(1 - 0))/(6/6). Suppose 2*j = 15 + g. What is the units digit of j?
6
Suppose 0 = 5*b, 3*m + 4*b - 188 = 3235. What is the hundreds digit of m?
1
Let g = -653 - -1072. What is the units digit of g?
9
Let t be (-23)/3 - 1/3. Let j = -6 - t. Suppose g - 5*n = j, 5*g + 2*n - 32 = 5. What is the units digit of g?
7
Let k(r) = r**3 + 10*r**2 - 12*r - 9. Let y be k(-11). What is the tens digit of (-6 - -4)*(y - 6 - 2)?
1
Let c be 4 + (-5)/((-10)/16). Suppose c*g = 16*g - 620. What is the units digit of g?
5
Let o = 26 - 2. Suppose 0*q + o = 4*q. What is the tens digit of ((-64)/3)/((-4)/q)?
3
Let z(d) = d**2 + 11*d - 8. Let q be z(-12). Suppose -3*p = -4*p. Suppose -3*b + 7*b + 2*l - 178 = p, -5*l = -q*b + 213. What is the units digit of b?
7
Suppose v - 2*s - 1 = 0, -3 = -3*s - 0. Suppose 4*w = v*f - 47, 4 = 2*w + 8. Suppose -7 = -2*t + f. What is the units digit of t?
0
What is the hundreds digit of (-7968)/(8 - 16) + 8 + -2?
0
Suppose -78*d = -81*d + 1338. What is the hundreds digit of d?
4
Let l = 241 + -74. What is the hundreds digit of l?
1
Let l = 20 + -18. What is the units digit of l/(-5 - (-243)/48)?
2
Let i = 21 - 13. Suppose 16*d = i*d + 424. What is the units digit of d?
3
Suppose 0 = 7*h - 113 + 1. What is the tens digit of h?
1
Suppose -4*g - 2*b + 246 = 0, 4*g = 4*b - 2*b + 250. Let f = 110 - g. What is the tens digit of f?
4
Suppose -x - y - 3*y = 13, 4*x = -3*y - 13. Let v be ((-21)/(-9) + -2)*-3. What is the tens digit of x + 33 + 0/v?
3
Let n(p) = -p**3 + 13*p**2 + 0*p**3 + 7 - 6*p**2 - 7*p. Let s be n(6). What is t